
0
What is the tens digit of 956?
5
What is the units digit of 4139?
9
What is the hundreds digit of 1066?
0
What is the tens digit of 549?
4
What is the thousands digit of 5654?
5
What is the tens digit of 2089?
8
What is the hundreds digit of 329?
3
What is the hundreds digit of 251?
2
What is the hundreds digit of 1674?
6
What is the thousands digit of 1965?
1
What is the ten thousands digit of 37189?
3
What is the hundreds digit of 978?
9
What is the tens digit of 38164?
6
What is the thousands digit of 3112?
3
What is the thousands digit of 57764?
7
What is the thousands digit of 9581?
9
What is the units digit of 7821?
1
What is the hundreds digit of 299?
2
What is the thousands digit of 1880?
1
What is the ten thousands digit of 26097?
2
What is the ten thousands digit of 26377?
2
What is the hundreds digit of 4376?
3
What is the hundreds digit of 8346?
3
What is the hundreds digit of 2005?
0
What is the tens digit of 19709?
0
What is the thousands digit of 4433?
4
What is the thousands digit of 1037?
1
What is the hundreds digit of 735?
7
What is the hundreds digit of 47256?
2
What is the tens digit of 19917?
1
What is the units digit of 33356?
6
What is the tens digit of 998?
9
What is the ten thousands digit of 56148?
5
What is the tens digit of 748?
4
What is the tens digit of 81926?
2
What is the units digit of 12574?
4
What is the hundreds digit of 1333?
3
What is the hundreds digit of 3156?
1
What is the hundreds digit of 1595?
5
What is the hundreds digit of 15713?
7
What is the units digit of 9522?
2
What is the hundreds digit of 14273?
2
What is the tens digit of 97903?
0
What is the ten thousands digit of 65618?
6
What is the units digit of 13094?
4
What is the thousands digit of 5405?
5
What is the hundreds digit of 1214?
2
What is the tens digit of 129138?
3
What is the hundreds digit of 78870?
8
What is the ten thousands digit of 17925?
1
What is the units digit of 14348?
8
What is the hundreds digit of 40582?
5
What is the hundreds digit of 650?
6
What is the units digit of 3505?
5
What is the hundreds digit of 3564?
5
What is the hundreds digit of 664?
6
What is the tens digit of 78?
7
What is the tens digit of 98?
9
What is the thousands digit of 4756?
4
What is the units digit of 1804?
4
What is the thousands digit of 3392?
3
What is the units digit of 145594?
4
What is the hundreds digit of 917?
9
What is the tens digit of 1285?
8
What is the tens digit of 125966?
6
What is the units digit of 3080?
0
What is the units digit of 16871?
1
What is the tens digit of 980?
8
What is the hundreds digit of 8444?
4
What is the ten thousands digit of 126616?
2
What is the tens digit of 168005?
0
What is the thousands digit of 5743?
5
What is the ten thousands digit of 51924?
5
What is the tens digit of 1616?
1
What is the units digit of 11536?
6
What is the units digit of 1757?
7
What is the tens digit of 125574?
7
What is the units digit of 1145?
5
What is the units digit of 17965?
5
What is the hundred thousands digit of 134212?
1
What is the tens digit of 16114?
1
What is the hundreds digit of 7335?
3
What is the tens digit of 774?
7
What is the units digit of 112?
2
What is the units digit of 13327?
7
What is the hundreds digit of 3278?
2
What is the thousands digit of 19607?
9
What is the ten thousands digit of 18321?
1
What is the tens digit of 15397?
9
What is the tens digit of 417?
1
What is the thousands digit of 98585?
8
What is the hundreds digit of 106550?
5
What is the units digit of 1292?
2
What is the units digit of 118?
8
What is the units digit of 3323?
3
What is the hundreds digit of 510?
5
What is the ten thousands digit of 66636?
6
What is the thousands digit of 1243?
1
What is the tens digit of 7675?
7
What is the hundreds digit of 35512?
5
What is the thousands digit of 1276?
1
What is the thousands digit of 9850?
9
What is the units digit of 39589?
9
What is the units digit of 813?
3
What is the hundreds digit of 950?
9
What is the units digit of 28364?
4
What is the hundreds digit of 37432?
4
What is the tens digit of 2623?
2
What is the hundreds digit of 8179?
1
What is the thousands digit of 2098?
2
What is the thousands digit of 5485?
5
What is the thousands digit of 25409?
5
What is the tens digit of 66628?
2
What is the tens digit of 21977?
7
What is the ten thousands digit of 34073?
3
What is the thousands digit of 3202?
3
What is the hundreds digit of 2245?
2
What is the thousands digit of 1500?
1
What is the thousands digit of 104007?
4
What is the units digit of 10436?
6
What is the thousands digit of 12646?
2
What is the tens digit of 22024?
2
What is the tens digit of 756?
5
What is the tens digit of 3547?
4
What is the hundreds digit of 3512?
5
What is the hundreds digit of 5124?
1
What is the tens digit of 3882?
8
What is the hundreds digit of 2913?
9
What is the units digit of 25441?
1
What is the hundred thousands digit of 155293?
1
What is the tens digit of 4795?
9
What is the thousands digit of 2769?
2
What is the units digit of 58051?
1
What is the units digit of 2228?
8
What is the tens digit of 472?
7
What is the ten thousands digit of 11396?
1
What is the thousands digit of 19789?
9
What is the ten thousands digit of 18531?
1
What is the units digit of 3731?
1
What is the units digit of 3252?
2
What is the hundreds digit of 1815?
8
What is the tens digit of 195?
9
What is the units digit of 61307?
7
What is the hundreds digit of 292?
2
What is the units digit of 14697?
7
What is the ten thousands digit of 24076?
2
What is the thousands digit of 7839?
7
What is the tens digit of 6232?
3
What is the units digit of 2231?
1
What is the ten thousands digit of 41371?
4
What is the thousands digit of 26214?
6
What is the hundreds digit of 2394?
3
What is the units digit of 7445?
5
What is the thousands digit of 1182?
1
What is the tens digit of 1021?
2
What is the units digit of 35205?
5
What is the ten thousands digit of 19018?
1
What is the hundreds digit of 44404?
4
What is the tens digit of 1082?
8
What is the thousands digit of 11277?
1
What is the units digit of 15961?
1
What is the tens digit of 23907?
0
What is the thousands digit of 1485?
1
What is the units digit of 283?
3
What is the units digit of 1402?
2
What is the thousands digit of 1270?
1
What is the units digit of 133?
3
What is the units digit of 24447?
7
What is the hundreds digit of 1486?
4
What is the tens digit of 4816?
1
What is the tens digit of 7058?
5
What is the units digit of 6916?
6
What is the units digit of 102?
2
What is the units digit of 708?
8
What is the hundreds digit of 112768?
7
What is the tens digit of 47848?
4
What is the units digit of 5258?
8
What is the units digit of 2428?
8
What is the tens digit of 67077?
7
What is the hundreds digit of 11384?
3
What is the hundreds digit of 878?
8
What is the units digit of 9347?
7
What is the ten thousands digit of 10330?
1
What is the hundreds digit of 1125?
1
What is the hundreds digit of 1355?
3
What is the tens digit of 1166?
6
What is the hundreds digit of 17825?
8
What is the tens digit of 3351?
5
What is the hundreds digit of 11392?
3
What is the units digit of 343?
3
What is the tens digit of 158?
5
What is the units digit of 48110?
0
What is the hundreds digit of 883?
8
What is the hundred thousands digit of 137872?
1
What is the thousands digit of 23443?
3
What is the hundreds digit of 1873?
8
What is the tens digit of 80937?
3
What is the tens digit of 834?
3
What is the thousands digit of 25335?
5
What is the units digit of 134095?
5
What is the hundreds digit of 139629?
6
What is the hundreds digit of 590?
5
What is the tens digit of 154?
5
What is the tens digit of 23399?
9
What is the hundreds digit of 6279?
2
What is the units digit of 74901?
1
What is the units digit of 32124?
4
What is the units digit of 3646?
6
What is the units digit of 64?
4
What is the hundreds digit of 2312?
3
What is the units digit of 2014?
4
What is the units digit of 298?
8
What is the thousands digit of 6230?
6
What is the ten thousands digit of 54942?
5
What is the units digit of 2051?
1
What is the tens digit of 562?
6
What is the units digit of 2923?
3
What is the tens digit of 718?
1
What is the tens digit of 58622?
2
What is the thousands digit of 2070?
